{"id":31,"date":"2025-08-07T16:21:23","date_gmt":"2025-08-07T14:21:23","guid":{"rendered":"http:\/\/haras.dutrianglevert.fr\/?page_id=31"},"modified":"2026-02-01T10:35:55","modified_gmt":"2026-02-01T09:35:55","slug":"chevaux-de-sport","status":"publish","type":"page","link":"https:\/\/haras.dutrianglevert.fr\/index.php\/chevaux-de-sport\/","title":{"rendered":"Chevaux de Sport"},"content":{"rendered":"\t\t<div data-elementor-type=\"wp-page\" data-elementor-id=\"31\" class=\"elementor elementor-31\" data-elementor-post-type=\"page\">\n\t\t\t\t<div class=\"elementor-element elementor-element-1508159 e-flex e-con-boxed e-con e-parent\" data-id=\"1508159\" data-element_type=\"container\" data-e-type=\"container\" data-settings=\"{&quot;background_background&quot;:&quot;classic&quot;}\">\n\t\t\t\t\t<div class=\"e-con-inner\">\n\t\t<div class=\"elementor-element elementor-element-6975269 e-con-full e-flex e-con e-child\" data-id=\"6975269\" data-element_type=\"container\" data-e-type=\"container\">\n\t\t<div class=\"elementor-element elementor-element-87e405f e-con-full e-flex e-con e-child\" data-id=\"87e405f\" data-element_type=\"container\" data-e-type=\"container\" data-settings=\"{&quot;background_background&quot;:&quot;slideshow&quot;,&quot;background_slideshow_gallery&quot;:[{&quot;id&quot;:1177,&quot;url&quot;:&quot;https:\\\/\\\/haras.dutrianglevert.fr\\\/wp-content\\\/uploads\\\/2025\\\/10\\\/WhatsApp-Image-2025-10-11-a-16.08.22_bb226a71-1.png&quot;},{&quot;id&quot;:1178,&quot;url&quot;:&quot;https:\\\/\\\/haras.dutrianglevert.fr\\\/wp-content\\\/uploads\\\/2025\\\/10\\\/WhatsApp-Image-2025-10-12-a-15.06.58_0d306d67-1.png&quot;},{&quot;id&quot;:1176,&quot;url&quot;:&quot;https:\\\/\\\/haras.dutrianglevert.fr\\\/wp-content\\\/uploads\\\/2025\\\/10\\\/IMG-20251012-WA0017-1.png&quot;},{&quot;id&quot;:1175,&quot;url&quot;:&quot;https:\\\/\\\/haras.dutrianglevert.fr\\\/wp-content\\\/uploads\\\/2025\\\/10\\\/IMG-20251012-WA0010-1.png&quot;},{&quot;id&quot;:1179,&quot;url&quot;:&quot;https:\\\/\\\/haras.dutrianglevert.fr\\\/wp-content\\\/uploads\\\/2025\\\/10\\\/WhatsApp-Image-2025-10-12-a-15.06.58_92a755d7-1.png&quot;},{&quot;id&quot;:1180,&quot;url&quot;:&quot;https:\\\/\\\/haras.dutrianglevert.fr\\\/wp-content\\\/uploads\\\/2025\\\/10\\\/WhatsApp-Image-2025-10-12-a-15.09.01_d61d056d-1.png&quot;}],&quot;background_slideshow_loop&quot;:&quot;yes&quot;,&quot;background_slideshow_slide_duration&quot;:5000,&quot;background_slideshow_slide_transition&quot;:&quot;fade&quot;,&quot;background_slideshow_transition_duration&quot;:500}\">\n\t\t\t\t<div class=\"elementor-element elementor-element-c3a6305 elementor-invisible elementor-widget elementor-widget-heading\" data-id=\"c3a6305\" data-element_type=\"widget\" data-e-type=\"widget\" data-settings=\"{&quot;motion_fx_motion_fx_scrolling&quot;:&quot;yes&quot;,&quot;motion_fx_translateX_effect&quot;:&quot;yes&quot;,&quot;motion_fx_opacity_effect&quot;:&quot;yes&quot;,&quot;motion_fx_opacity_level&quot;:{&quot;unit&quot;:&quot;px&quot;,&quot;size&quot;:1,&quot;sizes&quot;:[]},&quot;sticky&quot;:&quot;bottom&quot;,&quot;_animation&quot;:&quot;fadeInDown&quot;,&quot;motion_fx_translateX_speed&quot;:{&quot;unit&quot;:&quot;px&quot;,&quot;size&quot;:4,&quot;sizes&quot;:[]},&quot;motion_fx_translateX_affectedRange&quot;:{&quot;unit&quot;:&quot;%&quot;,&quot;size&quot;:&quot;&quot;,&quot;sizes&quot;:{&quot;start&quot;:0,&quot;end&quot;:100}},&quot;motion_fx_opacity_direction&quot;:&quot;out-in&quot;,&quot;motion_fx_opacity_range&quot;:{&quot;unit&quot;:&quot;%&quot;,&quot;size&quot;:&quot;&quot;,&quot;sizes&quot;:{&quot;start&quot;:20,&quot;end&quot;:80}},&quot;motion_fx_devices&quot;:[&quot;desktop&quot;,&quot;tablet&quot;,&quot;mobile&quot;],&quot;sticky_on&quot;:[&quot;desktop&quot;,&quot;tablet&quot;,&quot;mobile&quot;],&quot;sticky_offset&quot;:0,&quot;sticky_effects_offset&quot;:0,&quot;sticky_anchor_link_offset&quot;:0}\" data-widget_type=\"heading.default\">\n\t\t\t\t\t<h1 class=\"elementor-heading-title elementor-size-default\">Nos chevaux de sport<\/h1>\t\t\t\t<\/div>\n\t\t\t\t<\/div>\n\t\t\t\t<\/div>\n\t\t\t\t\t<\/div>\n\t\t\t\t<\/div>\n\t\t<div class=\"elementor-element elementor-element-8b5c598 e-flex e-con-boxed e-con e-parent\" data-id=\"8b5c598\" data-element_type=\"container\" data-e-type=\"container\" data-settings=\"{&quot;background_background&quot;:&quot;classic&quot;}\">\n\t\t\t\t\t<div class=\"e-con-inner\">\n\t\t\t\t<div class=\"elementor-element elementor-element-0fb36d3 elementor-widget elementor-widget-html\" data-id=\"0fb36d3\" data-element_type=\"widget\" data-e-type=\"widget\" data-widget_type=\"html.default\">\n\t\t\t\t\t<div style=\"background-color:#F5FF0E6; padding:20px; text-align:center; border-top:1px solid #D6CFC2; border-bottom:1px solid #D6CFC2;\">\r\n  <p style=\"font-family:'Playfair Display', serif; font-size:26px; color:#4B3F2F; margin-bottom:10px;\">\r\n    \ud83d\udc0e <strong>Ma devise<\/strong>\r\n  <\/p>\r\n  <p style=\"font-family:'Playfair Display', serif; font-size:22px; font-style:italic; color:#2E2E2E;\">\r\n    \u00ab Plus de temps je prends avec un jeune cheval,<br>\r\n    plus je lui en fais gagner pour le reste de sa vie.<br> La patience est la cl\u00e9 de la long\u00e9vit\u00e9 \u00bb\r\n  <\/p>\r\n<\/div>\r\n\t\t\t\t<\/div>\n\t\t\t\t\t<\/div>\n\t\t\t\t<\/div>\n\t\t<div class=\"elementor-element elementor-element-3551ca7 e-flex e-con-boxed e-con e-parent\" data-id=\"3551ca7\" data-element_type=\"container\" data-e-type=\"container\" data-settings=\"{&quot;background_background&quot;:&quot;classic&quot;}\">\n\t\t\t\t\t<div class=\"e-con-inner\">\n\t\t\t\t<div class=\"elementor-element elementor-element-bc7eff6 elementor-widget elementor-widget-text-editor\" data-id=\"bc7eff6\" data-element_type=\"widget\" data-e-type=\"widget\" data-widget_type=\"text-editor.default\">\n\t\t\t\t\t\t\t\t\t<h3>\ud83d\udc0e Chevaux de sport \u00e0 vendre : l\u2019\u00e9quilibre entre performance et bien-\u00eatre<\/h3><p>D\u00e9couvrez notre s\u00e9lection de chevaux de sport, issus de notre \u00e9levage ou acquis avec soin, pr\u00e9par\u00e9s avec attention pour un avenir prometteur.<\/p><p>Chaque cheval est <strong>bien dans sa t\u00eate<\/strong>, \u00e9lev\u00e9 dans le respect de son rythme naturel et <strong>d\u00e9bourr\u00e9 avec douceur<\/strong>, afin de b\u00e2tir une relation de confiance durable.<\/p><p>Leur travail est conduit avec <strong>progressivit\u00e9 et bienveillance<\/strong>, sans surcharge, pour pr\u00e9server \u00e0 la fois leur physique et leur mental. Ils \u00e9voluent dans un environnement serein, propice \u00e0 leur d\u00e9veloppement harmonieux.<\/p><p>Nos chevaux sont issus de <strong>lign\u00e9es prestigieuses et prometteuses<\/strong>, choisies pour leur qualit\u00e9, leur temp\u00e9rament et leur potentiel en comp\u00e9tition. Que vous recherchiez un partenaire pour le <strong>dressage<\/strong> ou le <strong>CSO<\/strong>, vous trouverez ici des chevaux pr\u00eats \u00e0 s\u2019\u00e9panouir \u00e0 vos c\u00f4t\u00e9s.<\/p><p>Pour certains chevaux, nous disposons d\u00e9j\u00e0 de <strong>radios et de comptes rendus v\u00e9t\u00e9rinaires<\/strong>, que nous pouvons transmettre aux acheteurs int\u00e9ress\u00e9s. Si vous le souhaitez, nous pouvons \u00e9galement organiser une <strong>visite d\u2019achat<\/strong> avec le v\u00e9t\u00e9rinaire de votre choix. Nous collaborons r\u00e9guli\u00e8rement avec la <strong>clinique de Montfort<\/strong>, r\u00e9put\u00e9e pour son expertise, mais restons ouverts \u00e0 tout praticien selon vos pr\u00e9f\u00e9rences.<\/p>\t\t\t\t\t\t\t\t<\/div>\n\t\t\t\t\t<\/div>\n\t\t\t\t<\/div>\n\t\t<div class=\"elementor-element elementor-element-d748ac1 e-flex e-con-boxed e-con e-parent\" data-id=\"d748ac1\" data-element_type=\"container\" data-e-type=\"container\" data-settings=\"{&quot;background_background&quot;:&quot;classic&quot;}\">\n\t\t\t\t\t<div class=\"e-con-inner\">\n\t\t<div class=\"elementor-element elementor-element-f8c5e9b e-con-full e-flex e-con e-child\" data-id=\"f8c5e9b\" data-element_type=\"container\" data-e-type=\"container\" data-settings=\"{&quot;background_background&quot;:&quot;classic&quot;}\">\n\t\t\t\t<div class=\"elementor-element elementor-element-947be37 elementor-flip-box--direction-left elementor-flip-box--3d elementor-absolute elementor-widget__width-inherit elementor-flip-box--effect-flip elementor-widget elementor-widget-flip-box\" data-id=\"947be37\" data-element_type=\"widget\" data-e-type=\"widget\" data-settings=\"{&quot;_position&quot;:&quot;absolute&quot;}\" data-widget_type=\"flip-box.default\">\n\t\t\t\t\t\t\t<div class=\"elementor-flip-box\" tabindex=\"0\">\n\t\t\t<div class=\"elementor-flip-box__layer elementor-flip-box__front\">\n\t\t\t\t<div class=\"elementor-flip-box__layer__overlay\">\n\t\t\t\t\t<div class=\"elementor-flip-box__layer__inner\">\n\t\t\t\t\t\t\t\t\t\t\t\t\t<div class=\"elementor-flip-box__image\">\n\t\t\t\t\t\t\t\t<img fetchpriority=\"high\" decoding=\"async\" width=\"1600\" height=\"751\" src=\"https:\/\/haras.dutrianglevert.fr\/wp-content\/uploads\/2025\/10\/WhatsApp-Image-2025-10-11-a-16.08.22_bb226a71.png\" class=\"attachment-full size-full wp-image-1171\" alt=\"\" \/>\t\t\t\t\t\t\t<\/div>\n\t\t\t\t\t\t\n\t\t\t\t\t\t\t\t\t\t\t\t\t<h1 class=\"elementor-flip-box__layer__title\">\n\t\t\t\t\t\t\t\tJ'ADORE DE MAT\t\t\t\t\t\t\t<\/h1>\n\t\t\t\t\t\t\n\t\t\t\t\t\t\t\t\t\t\t\t\t<div class=\"elementor-flip-box__layer__description\">\n\t\t\t\t\t\t\t\tJument Selle Fran\u00e7ais \nCSO \/ DRESSAGE\n<br>7 ans (2019) - 1,62 m  - Alezan\n<br><br>P\u00e8re : UZI (BWP, ISO 130), par DARCO \n<br>M\u00e8re : LISBONNE DU PLESSIS par BULINGTON &amp; CINEDY\t\t\t\t\t\t\t<\/div>\n\t\t\t\t\t\t\t\t\t\t\t<\/div>\n\t\t\t\t<\/div>\n\t\t\t<\/div>\n\t\t\t<div class=\"elementor-flip-box__layer elementor-flip-box__back\">\n\t\t\t<div class=\"elementor-flip-box__layer__overlay\">\n\t\t\t\t<div class=\"elementor-flip-box__layer__inner\">\n\t\t\t\t\t\t\t\t\t\t\t<h1 class=\"elementor-flip-box__layer__title\">\n\t\t\t\t\t\t\tJ'ADORE DE MAT\t\t\t\t\t\t<\/h1>\n\t\t\t\t\t\n\t\t\t\t\t\n\t\t\t\t\t\t\t\t\t\t\t<a class=\"elementor-flip-box__button elementor-button elementor-size-sm\" href=\"https:\/\/haras.dutrianglevert.fr\/index.php\/jadore-de-mat\/\" target=\"_blank\">\n\t\t\t\t\t\t\tEn savoir plus\t\t\t\t\t\t<\/a>\n\t\t\t\t\t\t\t\t<\/div>\n\t\t<\/div>\n\t\t<\/div>\n\t\t<\/div>\n\t\t\t\t\t\t<\/div>\n\t\t\t\t<div class=\"elementor-element elementor-element-0c0bacc elementor-flip-box--direction-left elementor-flip-box--3d elementor-absolute elementor-widget__width-inherit elementor-flip-box--effect-flip elementor-widget elementor-widget-flip-box\" data-id=\"0c0bacc\" data-element_type=\"widget\" data-e-type=\"widget\" data-settings=\"{&quot;_position&quot;:&quot;absolute&quot;}\" data-widget_type=\"flip-box.default\">\n\t\t\t\t\t\t\t<div class=\"elementor-flip-box\" tabindex=\"0\">\n\t\t\t<div class=\"elementor-flip-box__layer elementor-flip-box__front\">\n\t\t\t\t<div class=\"elementor-flip-box__layer__overlay\">\n\t\t\t\t\t<div class=\"elementor-flip-box__layer__inner\">\n\t\t\t\t\t\t\t\t\t\t\t\t\t<div class=\"elementor-flip-box__image\">\n\t\t\t\t\t\t\t\t<img decoding=\"async\" width=\"1600\" height=\"722\" src=\"https:\/\/haras.dutrianglevert.fr\/wp-content\/uploads\/2025\/10\/WhatsApp-Image-2025-10-12-a-15.06.58_0d306d67.png\" class=\"attachment-full size-full wp-image-1172\" alt=\"\" \/>\t\t\t\t\t\t\t<\/div>\n\t\t\t\t\t\t\n\t\t\t\t\t\t\t\t\t\t\t\t\t<h1 class=\"elementor-flip-box__layer__title\">\n\t\t\t\t\t\t\t\tRELIGHT MY FIRE\t\t\t\t\t\t\t<\/h1>\n\t\t\t\t\t\t\n\t\t\t\t\t\t\t\t\t\t\t\t\t<div class=\"elementor-flip-box__layer__description\">\n\t\t\t\t\t\t\t\tHongre KWPN \nDRESSAGE \n<br>5 ans (2021) \u2013 1,72 m \u2013 Alezan\n\n<br><br>P\u00e8re : LIVIUS, (BORDEAUX, par UNITED x GRIBALDI)\n\n<br>M\u00e8re : DANA VIOLA SBL, par TUSCHINSKI (KRACK C x KALINJA) et VIOLA (WELLINGTON x FANOLA)\t\t\t\t\t\t\t<\/div>\n\t\t\t\t\t\t\t\t\t\t\t<\/div>\n\t\t\t\t<\/div>\n\t\t\t<\/div>\n\t\t\t<div class=\"elementor-flip-box__layer elementor-flip-box__back\">\n\t\t\t<div class=\"elementor-flip-box__layer__overlay\">\n\t\t\t\t<div class=\"elementor-flip-box__layer__inner\">\n\t\t\t\t\t\t\t\t\t\t\t<h1 class=\"elementor-flip-box__layer__title\">\n\t\t\t\t\t\t\tRELIGHT MY FIRE\t\t\t\t\t\t<\/h1>\n\t\t\t\t\t\n\t\t\t\t\t\n\t\t\t\t\t\t\t\t\t\t\t<a class=\"elementor-flip-box__button elementor-button elementor-size-sm\" href=\"https:\/\/haras.dutrianglevert.fr\/index.php\/relight-my-fire\/\" target=\"_blank\">\n\t\t\t\t\t\t\tEn savoir plus\t\t\t\t\t\t<\/a>\n\t\t\t\t\t\t\t\t<\/div>\n\t\t<\/div>\n\t\t<\/div>\n\t\t<\/div>\n\t\t\t\t\t\t<\/div>\n\t\t\t\t<div class=\"elementor-element elementor-element-89bd742 elementor-flip-box--direction-left elementor-flip-box--3d elementor-absolute elementor-widget__width-inherit elementor-flip-box--effect-flip elementor-widget elementor-widget-flip-box\" data-id=\"89bd742\" data-element_type=\"widget\" data-e-type=\"widget\" data-settings=\"{&quot;_position&quot;:&quot;absolute&quot;}\" data-widget_type=\"flip-box.default\">\n\t\t\t\t\t\t\t<div class=\"elementor-flip-box\" tabindex=\"0\">\n\t\t\t<div class=\"elementor-flip-box__layer elementor-flip-box__front\">\n\t\t\t\t<div class=\"elementor-flip-box__layer__overlay\">\n\t\t\t\t\t<div class=\"elementor-flip-box__layer__inner\">\n\t\t\t\t\t\t\t\t\t\t\t\t\t<div class=\"elementor-flip-box__image\">\n\t\t\t\t\t\t\t\t<img decoding=\"async\" width=\"1600\" height=\"900\" src=\"https:\/\/haras.dutrianglevert.fr\/wp-content\/uploads\/2025\/10\/WhatsApp-Image-2025-10-12-a-15.09.01_8f1c064b-1.jpg\" class=\"attachment-full size-full wp-image-1258\" alt=\"\" \/>\t\t\t\t\t\t\t<\/div>\n\t\t\t\t\t\t\n\t\t\t\t\t\t\t\t\t\t\t\t\t<h1 class=\"elementor-flip-box__layer__title\">\n\t\t\t\t\t\t\t\tQUALIN TRIANGLEVERT Z\t\t\t\t\t\t\t<\/h1>\n\t\t\t\t\t\t\n\t\t\t\t\t\t\t\t\t\t\t\t\t<div class=\"elementor-flip-box__layer__description\">\n\t\t\t\t\t\t\t\tDIRECT ELEVEUSE\n<br>Hongre Zangersheide\nDRESSAGE \n<br>8 ans (2018) \u2013 1,64 m \u2013 Alezan br\u00fbl\u00e9\n\n<br><br>P\u00e8re : QUATERBOLD DU PAYROL (QUATERBACK x BOLD LADY) \n\n<br>M\u00e8re : BRITANIA (BRENTANO II x WILKA par WITTELSBACH)\n\t\t\t\t\t\t\t<\/div>\n\t\t\t\t\t\t\t\t\t\t\t<\/div>\n\t\t\t\t<\/div>\n\t\t\t<\/div>\n\t\t\t<div class=\"elementor-flip-box__layer elementor-flip-box__back\">\n\t\t\t<div class=\"elementor-flip-box__layer__overlay\">\n\t\t\t\t<div class=\"elementor-flip-box__layer__inner\">\n\t\t\t\t\t\t\t\t\t\t\t<h1 class=\"elementor-flip-box__layer__title\">\n\t\t\t\t\t\t\tQUALIN TRIANGLEVERT Z\t\t\t\t\t\t<\/h1>\n\t\t\t\t\t\n\t\t\t\t\t\n\t\t\t\t\t\t\t\t\t\t\t<a class=\"elementor-flip-box__button elementor-button elementor-size-sm\" href=\"https:\/\/haras.dutrianglevert.fr\/index.php\/qualin-trianglevert-z\/\" target=\"_blank\">\n\t\t\t\t\t\t\tEn savoir plus\t\t\t\t\t\t<\/a>\n\t\t\t\t\t\t\t\t<\/div>\n\t\t<\/div>\n\t\t<\/div>\n\t\t<\/div>\n\t\t\t\t\t\t<\/div>\n\t\t\t\t<div class=\"elementor-element elementor-element-58b2d5b elementor-flip-box--direction-left elementor-flip-box--3d elementor-absolute elementor-widget__width-inherit elementor-flip-box--effect-flip elementor-widget elementor-widget-flip-box\" data-id=\"58b2d5b\" data-element_type=\"widget\" data-e-type=\"widget\" data-settings=\"{&quot;_position&quot;:&quot;absolute&quot;}\" data-widget_type=\"flip-box.default\">\n\t\t\t\t\t\t\t<div class=\"elementor-flip-box\" tabindex=\"0\">\n\t\t\t<div class=\"elementor-flip-box__layer elementor-flip-box__front\">\n\t\t\t\t<div class=\"elementor-flip-box__layer__overlay\">\n\t\t\t\t\t<div class=\"elementor-flip-box__layer__inner\">\n\t\t\t\t\t\t\t\t\t\t\t\t\t<div class=\"elementor-flip-box__image\">\n\t\t\t\t\t\t\t\t<img loading=\"lazy\" decoding=\"async\" width=\"900\" height=\"1600\" src=\"https:\/\/haras.dutrianglevert.fr\/wp-content\/uploads\/2025\/10\/WhatsApp-Image-2025-10-11-a-16.08.22_f11da361.jpg\" class=\"attachment-full size-full wp-image-1126\" alt=\"\" \/>\t\t\t\t\t\t\t<\/div>\n\t\t\t\t\t\t\n\t\t\t\t\t\t\t\t\t\t\t\t\t<h1 class=\"elementor-flip-box__layer__title\">\n\t\t\t\t\t\t\t\tA VENIR...\t\t\t\t\t\t\t<\/h1>\n\t\t\t\t\t\t\n\t\t\t\t\t\t\t\t\t\t\t\t\t<div class=\"elementor-flip-box__layer__description\">\n\t\t\t\t\t\t\t\t\n\t\t\t\t\t\t\t<\/div>\n\t\t\t\t\t\t\t\t\t\t\t<\/div>\n\t\t\t\t<\/div>\n\t\t\t<\/div>\n\t\t\t<div class=\"elementor-flip-box__layer elementor-flip-box__back\">\n\t\t\t<div class=\"elementor-flip-box__layer__overlay\">\n\t\t\t\t<div class=\"elementor-flip-box__layer__inner\">\n\t\t\t\t\t\t\t\t\t\t\t<h1 class=\"elementor-flip-box__layer__title\">\n\t\t\t\t\t\t\tA VENIR...\t\t\t\t\t\t<\/h1>\n\t\t\t\t\t\n\t\t\t\t\t\n\t\t\t\t\t\t\t\t\t\t\t<a class=\"elementor-flip-box__button elementor-button elementor-size-sm\">\n\t\t\t\t\t\t\tEn savoir plus\t\t\t\t\t\t<\/a>\n\t\t\t\t\t\t\t\t<\/div>\n\t\t<\/div>\n\t\t<\/div>\n\t\t<\/div>\n\t\t\t\t\t\t<\/div>\n\t\t\t\t<\/div>\n\t\t\t\t\t<\/div>\n\t\t\t\t<\/div>\n\t\t\t\t<\/div>\n\t\t","protected":false},"excerpt":{"rendered":"<p>Nos chevaux de sport \ud83d\udc0e Ma devise \u00ab Plus de temps je prends avec un jeune cheval, plus je lui en fais gagner pour le reste de sa vie. La patience est la cl\u00e9 de la long\u00e9vit\u00e9 \u00bb \ud83d\udc0e Chevaux de sport \u00e0 vendre : l\u2019\u00e9quilibre entre performance et bien-\u00eatre D\u00e9couvrez notre s\u00e9lection de chevaux [&hellip;]<\/p>\n","protected":false},"author":1,"featured_media":0,"parent":0,"menu_order":0,"comment_status":"closed","ping_status":"closed","template":"","meta":{"footnotes":""},"class_list":["post-31","page","type-page","status-publish","hentry"],"_links":{"self":[{"href":"https:\/\/haras.dutrianglevert.fr\/index.php\/wp-json\/wp\/v2\/pages\/31","targetHints":{"allow":["GET"]}}],"collection":[{"href":"https:\/\/haras.dutrianglevert.fr\/index.php\/wp-json\/wp\/v2\/pages"}],"about":[{"href":"https:\/\/haras.dutrianglevert.fr\/index.php\/wp-json\/wp\/v2\/types\/page"}],"author":[{"embeddable":true,"href":"https:\/\/haras.dutrianglevert.fr\/index.php\/wp-json\/wp\/v2\/users\/1"}],"replies":[{"embeddable":true,"href":"https:\/\/haras.dutrianglevert.fr\/index.php\/wp-json\/wp\/v2\/comments?post=31"}],"version-history":[{"count":106,"href":"https:\/\/haras.dutrianglevert.fr\/index.php\/wp-json\/wp\/v2\/pages\/31\/revisions"}],"predecessor-version":[{"id":2300,"href":"https:\/\/haras.dutrianglevert.fr\/index.php\/wp-json\/wp\/v2\/pages\/31\/revisions\/2300"}],"wp:attachment":[{"href":"https:\/\/haras.dutrianglevert.fr\/index.php\/wp-json\/wp\/v2\/media?parent=31"}],"curies":[{"name":"wp","href":"https:\/\/api.w.org\/{rel}","templated":true}]}}